= 21 - 36. Let q(s) = s + 19. Let z be q(k). Let i(n) = n**2 - 3*n + 5. What is the units digit of i(z)?
9
Let m(i) = -153*i + 362. What is the hundreds digit of m(-11)?
0
Suppose 5*a = -5*j - 4 - 11, -2*a = -5*j - 36. Let q = j - -23. What is the units digit of q?
7
What is the units digit of 112/140 - (-16038)/15?
0
Suppose 2*d - 7 = 3. What is the tens digit of (7 - d)/(0 + (-6)/(-33))?
1
Suppose 8*x + 5505 = 34705. What is the hundreds digit of x?
6
Let y(n) = 11*n - 20. Let k(c) = c**3 - 2*c**2 + c - 1. Let h be k(3). What is the tens digit of y(h)?
0
Suppose 13*o - 6876 = 4*o. What is the hundreds digit of o?
7
Suppose 4*d = -2*y + 3438, -3*d + 3*y + 1329 + 1272 = 0. What is the tens digit of d?
6
Let f = 1615 - 736. What is the units digit of f?
9
Suppose -k + 245 = 4*k. Suppose -2*l + 4*b = 2*b - 38, -k = -3*l - b. Let a = l - 5. What is the tens digit of a?
1
What is the tens digit of (34 + -39 + 1 + -1173)/(-1)?
7
Let b be 20/(1*2/(-5)). Let o be b/(-15) - 1/3. Let p = 5 + o. What is the units digit of p?
8
Suppose 0 = -30*p + 8473 - 1993. What is the hundreds digit of p?
2
Let h = -2 - -2. Let j(t) = t**2 + 60. Let m be j(h). What is the units digit of 34/(-5)*m/(-24)?
7
Suppose -243 = -m - j, -3*m = -8*j + 3*j - 729. What is the units digit of m?
3
Let q = -3042 - -4509. What is the units digit of q?
7
Let a = -1940 + 4293. What is the units digit of a?
3
Suppose 0*v = -3*v + 9, 2*r - 1110 = 4*v. What is the units digit of r?
1
Suppose -20*c + 76*c - 218960 = 0. What is the thousands digit of c?
3
Let g be (-2)/16 + 50/16. Suppose -g*d + 6*d - 312 = 0. Suppose 4*b - 3*k = -2*k + d, b - 4*k - 11 = 0. What is the units digit of b?
7
Suppose 2*p + 710 = -3*p. What is the hundreds digit of (-3 - p)/(3 + 4/(-2))?
1
Suppose 0 = 5*x + 5*x - 90. Let d(t) = t**2 - 4*t - 29. What is the tens digit of d(x)?
1
Suppose -3*g + 5*q + 437 = 0, 0 = 6*g - 2*g + 5*q - 641. Suppose g = 4*v - 254. What is the tens digit of v?
0
Let x = 40 - 36. Let g be (x/3)/(4/54). Let y = 2 + g. What is the units digit of y?
0
Suppose -5*k + 7 = 17. What is the units digit of k/(2/(-7) + 368/1484)?
3
What is the units digit of 0/(-1) - (-30 + -833)?
3
Suppose 0 = u - 24 + 8. Let j = -6 + u. Suppose 280 = j*t - 6*t. What is the units digit of t?
0
Let b be 4/6*(-5)/10*-6. What is the units digit of (16 - -177) + 2 + b?
7
Suppose -54*y + 665 = -47*y. What is the tens digit of y?
9
Let w be -4*(2285/(-20) - -3). Suppose -b - 4*b = -w. What is the tens digit of b?
8
Suppose 5*o + 30 = 5*q, 0 = -0*o + o + 4. Suppose 0 = -s + 3 + q. What is the units digit of s?
5
Suppose 0 = 9*p - 4*p - b - 10210, 4057 = 2*p + 5*b. What is the tens digit of p?
4
Suppose -4279 = -4*j + s, 0 = -5*j + 3*s + s + 5357. What is the thousands digit of j?
1
Let d = 430 + -264. What is the tens digit of d?
6
Suppose c + 5*f - 799 + 195 = 0, 1793 = 3*c - 4*f. Suppose -4*q + 3*k + c = 0, -4*q - 7*k + 3*k + 592 = 0. What is the units digit of q?
9
Let h(i) = 6*i - 144. What is the units digit of h(41)?
2
Let j = 7 + -11. Let a(w) = -2*w**2 - 3*w + 32. Let x(l) = l**2 + l - 11. Let u(t) = 3*a(t) + 8*x(t). What is the units digit of u(j)?
4
Let c(f) = f**2 + 14*f - 13. Let k be c(-15). Suppose -6*q + 56 = -k*q. Let h = q - 13. What is the units digit of h?
1
Suppose -2*f + 4*i + 1090 = 0, 1729 + 1071 = 5*f + 5*i. What is the tens digit of f?
5
Suppose 0 = -5*f + 3*v + 22, -4*v + 4 = -f + 5. Suppose 5*m + 4*o = 6*o + 1065, 0 = f*o. What is the tens digit of m?
1
Let n be (-16)/(-20)*(-1575)/(-10). Suppose -162 - n = -4*g. Suppose 0 = -4*a + m + 3*m + g, m + 35 = 2*a. What is the units digit of a?
7
Suppose -5*z - 2*k + 29 = -0*k, 5*k = -z + 15. Suppose -13 = -2*g - z. Suppose 2*q = 2*r - g - 4, -19 = q - 4*r. What is the units digit of q?
1
Suppose -q - 2*d - 55 = d, 115 = -2*q - d. Let i(s) = -s**3 + 9*s**2 - 9*s - 17. Let l be i(8). Let n = l - q. What is the units digit of n?
3
Let u(h) = 972*h + 131. Let r be u(3). Let g = 20 + 2. What is the tens digit of (-4)/g - r/(-121)?
2
Let g(o) = -5*o**3 - 6*o**2 - 5*o - 6. Let z(x) = 0*x - 4*x - 4 - 11*x**3 - 9 - 12*x**2 - 7*x. Let y(b) = -13*g(b) + 6*z(b). What is the tens digit of y(5)?
2
Suppose 3507 = 4*d + 5*w, -879 = -d + 7*w - 9*w. What is the hundreds digit of d?
8
Suppose 1976 = q - 3*o, 39*o - 44*o + 4007 = 2*q. What is the thousands digit of q?
1
Let n be 14/56 + 7/4. What is the units digit of 4/n*3/6?
1
Let f be 2960/(-25) - (1 + 21/(-15)). Let u = 210 + f. What is the units digit of u?
2
Suppose -20*x = -22*x + 20. What is the units digit of ((-12)/x)/((-4)/110)?
3
Suppose 13*p = 3*p + 9900. What is the tens digit of p?
9
Let i = 15 + 3. What is the tens digit of (-6)/i - (-2596)/12?
1
Let c(w) = 3 + 5*w + 3*w - 4*w + w**2. Let i be c(-3). Suppose -5*t - 33 + 198 = i. What is the tens digit of t?
3
What is the thousands digit of (-2)/4 - (1 - 11229/6)?
1
Let m(n) = -135*n + 8. Let s be m(-1). Let g = -98 + s. What is the tens digit of g?
4
Let y be 1 + 2 + (-152)/(-4). Suppose -y = -6*x - 5. Let k = -4 + x. What is the units digit of k?
2
Let v be (-4 + 174/(-2))/(-1). Let i = -36 + v. What is the units digit of i?
5
Suppose 25*l - 39 - 61 = 0. Let p(w) = -4*w + 4. Let j be p(-3). Suppose c = -c + 3*u - 2, 0 = -l*u + j. What is the units digit of c?
5
Let z(f) = -f**3 - 8*f**2 - 9*f + 2. Let y be z(-7). Let p = y + -10. Suppose -u - 3*m + 11 = -p, -3*u + m = -71. What is the tens digit of u?
2
Let i(x) = 13*x - x**3 + 2*x**2 + 0*x**2 + 17*x**2 + 2*x**3 - 23. What is the units digit of i(-18)?
7
Let c(i) = -i**2 + 6*i - 8. Let n be c(4). Suppose -2*s + 6 + 2 = n. What is the units digit of s?
4
Let i = 436 + -697. Let u = i - -446. What is the hundreds digit of u?
1
Suppose -2*l = 4*z - 10, 5*l - 2*z + 4*z - 33 = 0. Suppose l = p + m - 2*m, 4*m = p - 16. Suppose -p*w = 2*w - 198. What is the tens digit of w?
3
Let f be 0 + 0 - 7*(-66)/2. Suppose 780 = 5*u - 2*o, 2*u - 5*o - 102 - f = 0. What is the hundreds digit of u?
1
What is the tens digit of (7 + -5 + -223)/(-1)?
2
Let q = -454 + 1772. What is the units digit of q?
8
Let f(h) = -h**3 + 3*h - 6. Let y be f(-3). Let b = 42 + -23. Let m = y + b. What is the tens digit of m?
3
Suppose 4*a - 16 = 3*i, -3*i + 16 = 2*a + 2*a. Suppose 111 = 4*z - k, 5*z - a*k - 108 = z. What is the tens digit of z?
2
Let b = 395 - 449. Suppose 0 = -5*x + 213 + 227. Let w = b + x. What is the tens digit of w?
3
Let n(v) = -v**2 + 0*v + 4 - 6*v + 0*v**2. Let i(l) = 2*l - 32. Let k be i(13). What is the units digit of n(k)?
4
Let x = -67 + 220. Let h = 263 - x. What is the units digit of h?
0
Let w(y) = y**3 - 4*y**2 + 2*y + 1. Let z be w(7). What is the tens digit of z/(-8)*-3 - (-5)/20?
6
What is the units digit of 0/(-19) - ((-2 - 763) + 1)?
4
Suppose -23484 - 19246 = -10*g. What is the thousands digit of g?
4
Suppose 24*i = 5337 + 4647. What is the units digit of i?
6
Suppose 0 = -c - 0 - 4. Let z be (-2)/(-1)*c/(-4). Suppose 0*g - z = -m + g, 3*m + g = 6. What is the units digit of m?
2
Let d(i) = 5*i - 1. Suppose 4*q - 5*b - 37 = -0*q, 2*q + 4*b - 12 = 0. Suppose 0 = 2*x - q - 2. What is the units digit of d(x)?
4
Suppose 18*a - n = 20*a - 2674, -5*a = n - 6685. What is the tens digit of a?
3
Let d(h) = h**3 + 9*h**2 + 4*h - 10. Let t be d(-8). Let m be (-2)/17 + (-144)/(-68). Suppose -3*n = -m*f - 95, -4*n + t + 101 = f. What is the tens digit of n?
3
Let c be -2 + (3 - 1) - -15. Suppose 3*u = 6*u - c. Suppose 0 = a - 2*a + u*g + 1, 3*a + 5*g - 3 = 0. What is the units digit of a?
1
Suppose -23 = -h + 4*m, 2*h + 7*m - 4*m = 46. Let k = h - -6. What is the tens digit of k?
2
Let g be (0 - 0/2)*-1. Suppose g = -25*k + 22*k + 237. What is the tens digit of k?
7
Let r(p) = -2. Let j(g) = g**2 + 6*g - 9. Let d be j(-7). Let h(l) = -2*l - 24. Let s(b) = d*h(b) + 22*r(b). What is the tens digit of s(3)?
1
Let x = -58 + 62. Suppose -x*h - 38 = -54. What is the units digit of h?
4
Suppose -5*o + 3*o - 6 = 0. Let d = -2 - o. What is the units digit of (d + (-15)/9)*-12?
8
Let y(r) = -r**3 + 11*r**2 + 12*r - 2. Let t be y(12). Let k = -9 - t. Let c = k - -19. What is the tens digit of c?
1
Let g = -6 + 6. Let f be 4/2 - (-19 + g). Suppose -h = -f + 5. What is the tens digit of h?
1
Suppose 10*b = -46*b + 26712. Wha